 = 598*f**2 - 3*f - 1 - 304*f**2 - 296*f**2 + 5 + 4*f**3. Give j(1).
3
Let w(d) = 5*d - 1. Let f(j) = 30*j. Let o(p) = -7*p. Let m(z) = 2*f(z) + 9*o(z). Let k(r) = -3*m(r) - 3*w(r). Determine k(-5).
33
Let k(c) = -8*c - 11 + 59*c**2 + 65*c**2 + 69*c**2 - 195*c**2 + 5. What is k(-3)?
0
Let u(y) = 105*y**2 + 4*y - 20 - 2 - 101*y**2 + 32 - 11. Let w = -4 - -1. Give u(w).
23
Let x = 6337 + -6334. Let d(i) be the third derivative of -i**4/24 - i**3/3 + 8*i**2. Give d(x).
-5
Suppose 15*p - 13*p - 12 = 0. Suppose p*j - 16 = 14. Suppose -15 = j*v, 0*a - 4*a + 4*v - 4 = 0. Let d(o) = -2*o**2 - 6*o - 6. Determine d(a).
-14
Let g = 578 - 516. Suppose -g*s + 62 = -31*s. Let j(m) = m**3 - m. What is j(s)?
6
Suppose 20*s - 946 = 274. Suppose 0 = 23*d - s*d + 190. Let t(b) = -4*b**2 + 8*b. Let p(u) = 7*u**2 - 15*u. Let r(k) = -3*p(k) - 5*t(k). Calculate r(d).
0
Let r(s) = s**2 - 8*s - 3. Let t = -70 + -89. Let d = -151 - t. Give r(d).
-3
Let r = -9 - -2. Let j(f) = -141 - 4*f - 133 - 131 + 408. Calculate j(r).
31
Suppose 7*l = 401608 - 401517. Let b(c) = 2*c - 6 + 24 - 4*c. What is b(l)?
-8
Let g(c) = -3*c - 24. Let w be (2/4)/(2/(-8)). Let s be (8/(-5) - w) + 282/(-30). Let b be g(s). Let t(n) = n**3 - n**2 - 5*n + 2. What is t(b)?
5
Let p(d) = 105*d + 618. Let t(y) = -26*y - 176. Let i(h) = -3*p(h) - 11*t(h). What is i(3)?
-5
Let d(o) = o + 31. Suppose -112 = -4*k - 104. Suppose 2*x = 2*z + 3*z + k, -3*z - x = -1. What is d(z)?
31
Let j be (-3154)/(-6384) + ((-1)/(-21) - (-2)/(-6)). Let i(h) be the third derivative of -h**3 + 12*h**2 - 1/60*h**5 + 0 + 0*h + j*h**4. Determine i(4).
-2
Let b(k) be the second derivative of 5*k**3/6 - 9*k**2/2 + k. Let n(o) = 5*o - 79. Let l(q) = -q**2 + 11*q - 13. Let s be l(6). Let a be n(s). Determine b(a).
21
Let w(a) = a**2 - 2*a - 2. Let p(t) = -t**2 + 3*t + 3. Let s(z) = -5*p(z) - 6*w(z). Let k be (-18)/21 + 3 + 650/(-91). What is s(k)?
-13
Let a(t) = -4*t**2 + 2*t + 2. Let g = -218 - -226. Suppose g*n + 2 = -14. Determine a(n).
-18
Let b(h) = -h**3 + 8*h**2 - 4*h - 11. Let p be 297/44 + (-2)/(-8). What is b(p)?
10
Let o(j) be the third derivative of -j**4/3 + 59*j**3/3 - 4896*j**2. Give o(17).
-18
Let c be ((-6)/12 + 2)/(3/4). Let p(v) = 34*v - 7. Let z(j) = 10*j - 2. Let x(y) = -p(y) + 4*z(y). Calculate x(c).
11
Let d(m) be the second derivative of -m**4/12 - 5*m**3/2 + 7*m**2/2 - 2530*m. Calculate d(-15).
7
Let p(s) = 5*s - 37911*s**2 - 4 + 37910*s**2 - 9*s. What is p(-1)?
-1
Suppose -2*f + 30 = -5*f - 4*c, 0 = 4*f - 5*c + 71. Let h(y) = y + 17. Let v be h(f). Let b(d) = -d**3 + 6*d**2 - 3*d + 1. Calculate b(v).
19
Let n(i) = -4*i**2 - 3*i + 2. Let y(d) = 3*d**2 - 2*d - 1. Let r(a) = -n(a) - y(a). Calculate r(-2).
-7
Let c(y) = -7 - 170269*y**2 + 2*y**3 - 3*y**3 + 170277*y**2 - 3*y. Calculate c(8).
-31
Suppose x - 6*u + 266 - 290 = 0, 3*x = 4*u + 2. Let h(d) = 6*d + 17. Calculate h(x).
-19
Suppose -4*h = t - 2973, 597 = -t + h + 3590. Suppose 2954 = 7*f + t. Let u(j) = j - 1. Give u(f).
-6
Let y(a) = 8*a**2 + 3*a**2 + 68*a**3 - 29*a + 15*a**2 - 42 - 67*a**3. Calculate y(-27).
12
Let x(i) = 2*i**2 - 27*i + 78. Let c = -10738 + 10743. Calculate x(c).
-7
Let b(y) = 44*y + 596. Let h(z) = -21*z - 298. Let c(n) = -6*b(n) - 13*h(n). Let a be c(-32). Let l(q) = -q + 1. Determine l(a).
-9
Let b(z) = -61*z**2 + 39 + 23*z + 62*z**2 - 8 + 49 + 19. What is b(-18)?
9
Let r(m) be the third derivative of 7*m**5/60 + m**4/8 - 19*m**3/6 - 10372*m**2. Calculate r(-5).
141
Suppose -125689*p = -125676*p - 65. Let b(z) = 0*z + z**2 + 0*z**2 - z. Give b(p).
20
Suppose 1191 - 1123 = -27*p + 10*p. Let s(k) = -k**2 - 7*k - 10. Give s(p).
2
Let j(t) = t**3 - 4*t**2 - 231*t + 1470. Let i be j(7). Let r(b) = 2*b**2 + 2*b - 3. What is r(i)?
-3
Let z(o) be the first derivative of -17*o**2/2 - 25*o - 2753. Give z(4).
-93
Let z(s) = 16*s - 36. Let b(g) = -3*g + 7. Let a(x) = 11*b(x) + 2*z(x). Suppose 40*h - 5*i - 3 = 44*h, 15 = 3*h - 2*i. What is a(h)?
2
Let f be (60/(-9))/((-85)/9 + 9). Let d(u) = u - 33. Determine d(f).
-18
Let x(s) = -2*s + 5. Let b be 1*-8 + (-156)/(-52). What is x(b)?
15
Suppose -41*p - 1171 + 351 = 0. Let m(t) = -t**2 - 22*t - 32. Calculate m(p).
8
Let v(r) be the first derivative of -3*r**2/2 - 6*r - 962. Suppose 0 = 2*x - 8 - 0. Let j be (x/5)/(20/(-150)). Calculate v(j).
12
Let t(p) be the first derivative of -51 - 1/2*p**2 + 1/4*p**4 - 10/3*p**3 + 5*p. What is t(10)?
-5
Let x(h) = 23*h + 1081. Let a be x(-46). Let g(m) = -2*m**2 + 48*m - 51. Determine g(a).
-5
Let f(i) be the third derivative of 3*i**6/40 - i**4/24 - i**2. Let k be (-51)/204*(7 - 11). What is f(k)?
8
Let v(q) be the second derivative of q**7/840 - q**6/120 - q**5/30 + q**4/12 + 11*q**3/2 - 2*q + 59. Let g(r) be the second derivative of v(r). What is g(3)?
-10
Let y = -1558 + 1564. Let d(i) = -i**3 + 5*i**2 + 6*i - 9. Determine d(y).
-9
Let a(c) = -c**3 + 4*c**2 + 18*c - 7. Suppose r + 1 = -h, -146 + 181 = -5*h. Determine a(r).
29
Let r(g) = g**3 + 7*g**2 - 5*g - 5. Let s(f) = 20*f**3 - 2 - 9 - f**2 - 21*f**3 + 4 + 30*f. Let b be s(5). Give r(b).
30
Suppose -q - 34*q = -1855. Let y(c) = -q*c**2 + 22*c**2 + 29*c**2 + 20*c**2. Give y(1).
18
Let u(h) be the third derivative of h**5/60 - 7*h**4/12 + 5*h**3/6 - 2*h**2 + 153. Suppose -8*z = -78 - 18. Determine u(z).
-19
Let a(p) = 7*p**2 + 6. Let w(k) = -8*k**2 - 7. Let s be (136/208 - (-2)/(-13))*-12. Let o(n) = s*a(n) - 5*w(n). Determine o(-1).
-3
Let q(d) = d + 1. Let r(w) = -w**2 - w + 26. Let p be r(-5). Suppose 16*j + 4*h = 13*j + p, 2*j - 4 = -4*h. Give q(j).
3
Suppose -2*s = 19*p - 18*p - 6, s - 39 = 4*p. Let m(a) be the third derivative of a**3/6 + a**2. Let u(h) = h - 12. Let n(w) = -m(w) + u(w). Calculate n(s).
-6
Suppose 3*x = 5*l, -x - 6*l - 8 = -5*l. Let r(c) = 11*c**2 + 25*c + 7. Let q(u) = -7*u**2 - 16*u - 5. Let w(i) = x*r(i) - 8*q(i). Determine w(-5).
15
Let d(h) = -1. Let z(q) = q**2 - 4*q - 14. Let u(w) = 4*d(w) - z(w). Determine u(-3).
-11
Let h(m) = m + 1. Suppose 44 = 4*l - 3*s + 7*s, 52 = 5*l + 2*s. Let k be 206/16 - 0 - l/(-80). Suppose k*z = 22*z - 18. What is h(z)?
3
Let n(j) be the first derivative of -j**4/4 - 5*j**2/2 + 7*j - 11254. Give n(2).
-11
Let j(q) = q**3 - 5*q**2 + 2*q + 3. Let g(b) = -8*b + 7*b + 7*b + 8*b**2 - 44 - b**3. Let m be g(8). Determine j(m).
-5
Let t = -9432 - -9439. Let a(c) = 2*c**2 - 23*c + 65. What is a(t)?
2
Let w(u) = -u**3 - 9*u**2 - 12*u - 29. Let i be w(-8). Suppose 5*a = 3*o + 4 + 28, -5*o - i*a - 42 = 0. Let y(f) = f - 3 + 5 + 0*f. What is y(o)?
-7
Let h be (5/(-60)*-3)/(11/(-220)). Let f(z) = -z**3 - 8*z**2 - 12*z + 19. Give f(h).
4
Let f(o) = o**3 + o - 4. Let w be f(2). Let y be 6/(-27)*w*-3. Let z(j) = j**3 - 4*j**2 + 2*j - 6. What is z(y)?
2
Let v = 45 - 37. Suppose 2*b + 24 = v*b. Let t(l) = -b*l + 596 - 4*l - 588 + l**2. Calculate t(8).
8
Let j(s) = -19*s - 27. Suppose 5*n - 69*h + 47 = -65*h, -3*h - 26 = 5*n. Calculate j(n).
106
Let a be 96/(792/33) + (-94)/24. Let t(b) be the third derivative of 0*b + 21*b**2 + 0 + 1/2*b**3 - a*b**4. Give t(6).
-9
Let j be (((-864)/60)/(-8) - 0) + (-2)/(-10). Let o(l) = -4*l + 6. Calculate o(j).
-2
Let x(r) = -5*r**2 + r**3 + 290 - 586 + 5*r + 292. Let z be 0/((-1)/((-4)/(-12))). Let s be 3*(-1 + z) - -7. Give x(s).
0
Let s(u) be the third derivative of -u**5/60 + u**4/6 + u**3/6 - 3*u**2. Suppose 629 = 122*k + 302 - 771. Give s(k).
-44
Let t be (-12)/(-138) - 1404/276. Let v(s) = 2*s**2 + 12*s + 30. Give v(t).
20
Let h(p) = 520*p + 10 - 543*p - 126. Determine h(-5).
-1
Let j(z) = -12*z**3 - z**2 - z + 1. Let g = 287 - 285. Suppose w + 10 = -4*i + 3*w, -g*i = -5*w + 17. What is j(i)?
13
Suppose 45*u + 6 + 369 = 30*u. Let v(h) = 5*h + 48. Give v(u).
-77
Let m be (-2*9/(-2))/((-3)/33). Let v = m - 1. Let k = v + 97. Let q(w) = -w**3 - 3*w**2 - 3*w + 2. Calculate q(k).
11
Let m(h) be the second derivative of -h**4 - h**3 - 3*h**2/2 + 4124*h. Give m(-2).
-39
Suppose -2*p + 15*z - 14*z - 20 = 0, 5*z - 70 = 5*p. Let q(w) = w**3 + 6*w**2 - 4*w - 33. What is q(p)?
-9
Suppose 3*o = 0, 19 = m - 10*o + 14*o. Let k(v) = m*v - 8 - 21*v + 7*v. Give k(6).
22
Let m(k) be the first derivative of 73 - 1/4*k**4 + k - 1/3*k**3 + 1/2*k**2. Give m(-1).
0
Let s = -25484 - -25477. Let d(k) = 3*k - 2 + 4 + 2. Give d(s).
-17
Let 